21729?
7, 460247
List the prime factors of 2277315.
3, 5, 5623
What are the prime factors of 8324102?
2, 29, 143519
What are the prime factors of 805289?
805289
List the prime factors of 1138788.
2, 3, 7, 4519
List the prime factors of 19359047.
67, 113, 2557
List the prime factors of 156056.
2, 19507
List the prime factors of 293266.
2, 331, 443
What are the prime factors of 627322?
2, 313661
What are the prime factors of 4169524?
2, 1042381
What are the prime factors of 1484422?
2, 742211
What are the prime factors of 9370078?
2, 19, 191, 1291
List the prime factors of 5140635.
3, 5, 389, 881
What are the prime factors of 4843158?
2, 3, 807193
What are the prime factors of 2913138?
2, 3, 73, 739
List the prime factors of 303960.
2, 3, 5, 17, 149
List the prime factors of 1668362.
2, 834181
What are the prime factors of 3737168?
2, 131, 1783
What are the prime factors of 608913?
3, 29, 2333
List the prime factors of 35405903.
13, 409, 6659
List the prime factors of 2570685.
3, 5, 13, 13183
List the prime factors of 3116814.
2, 3, 17, 30557
List the prime factors of 2201501.
2201501
What are the prime factors of 1171401?
3, 7, 11, 461
List the prime factors of 2281276.
2, 563, 1013
List the prime factors of 131299.
7, 18757
What are the prime factors of 8798486?
2, 17, 258779
List the prime factors of 10080325.
5, 23, 47, 373
What are the prime factors of 966933?
3, 11, 9767
List the prime factors of 1196764.
2, 299191
What are the prime factors of 784924?
2, 7, 17, 97
What are the prime factors of 248972?
2, 67, 929
List the prime factors of 20415734.
2, 10207867
What are the prime factors of 1486865?
5, 41, 7253
What are the prime factors of 19515056?
2, 11, 110881
What are the prime factors of 590580?
2, 3, 5, 17, 193
What are the prime factors of 5036651?
5036651
What are the prime factors of 809509?
389, 2081
List the prime factors of 991333.
7, 141619
What are the prime factors of 285642?
2, 3, 7, 2267
List the prime factors of 4204507.
29, 144983
What are the prime factors of 1377568?
2, 43049
List the prime factors of 16070025.
3, 5, 37, 5791
What are the prime factors of 473463?
3, 31, 1697
What are the prime factors of 4460186?
2, 2230093
What are the prime factors of 5917329?
3, 11, 59771
List the prime factors of 199642.
2, 173, 577
What are the prime factors of 52537?
107, 491
List the prime factors of 8252756.
2, 71, 29059
What are the prime factors of 522612?
2, 3, 1613
What are the prime factors of 764646?
2, 3, 31, 4111
List the prime factors of 2904722.
2, 17, 37, 2309
What are the prime factors of 1684739?
7, 240677
List the prime factors of 5478428.
2, 1369607
What are the prime factors of 117075?
3, 5, 7, 223
List the prime factors of 28715164.
2, 103, 69697
What are the prime factors of 98518?
2, 7, 31, 227
What are the prime factors of 895123?
131, 6833
List the prime factors of 3347958.
2, 3, 743, 751
What are the prime factors of 343562?
2, 283, 607
What are the prime factors of 588329?
7, 84047
List the prime factors of 102842.
2, 51421
List the prime factors of 4557059.
13, 23, 15241
List the prime factors of 33732.
2, 3, 937
List the prime factors of 11047400.
2, 5, 7, 13, 607
List the prime factors of 17497778.
2, 8748889
List the prime factors of 603496.
2, 75437
List the prime factors of 348277.
59, 5903
List the prime factors of 252159.
3, 84053
List the prime factors of 9778705.
5, 41, 47701
List the prime factors of 3120622.
2, 17, 5399
What are the prime factors of 5154286?
2, 29, 88867
What are the prime factors of 313848?
2, 3, 1453
What are the prime factors of 978257?
7, 29, 61, 79
List the prime factors of 1629017.
13, 29, 149
List the prime factors of 199135.
5, 39827
List the prime factors of 2815749.
3, 104287
What are the prime factors of 82254?
2, 3, 13709
What are the prime factors of 5743498?
2, 2871749
List the prime factors of 2612844.
2, 3, 13, 1861
What are the prime factors of 124105?
5, 24821
List the prime factors of 240775.
5, 9631
What are the prime factors of 555383?
555383
What are the prime factors of 2875546?
2, 1437773
What are the prime factors of 235020?
2, 3, 5, 3917
List the prime factors of 1967899.
163, 12073
List the prime factors of 4361209.
4361209
What are the prime factors of 1690033?
29, 101, 577
List the prime factors of 242275.
5, 11, 881
What are the prime factors of 272301?
3, 139, 653
List the prime factors of 529271.
529271
What are the prime factors of 16473060?
2, 3, 5, 23, 173
List the prime factors of 304955.
5, 7, 8713
What are the prime factors of 5446257?
3, 337, 5387
List the prime factors of 7695124.
2, 1923781
List the prime factors of 812800.
2, 5, 127
List the prime factors of 21013069.
7, 11, 19, 53, 271
What are the prime factors of 447211?
447211
List the prime factors of 36347710.
2, 5, 7, 10597
What are the prime factors of 2898136?
2, 37, 9791
List the prime factors of 1675760.
2, 5, 20947
List the prime factors of 2455296.
2, 3, 23, 139
List the prime factors of 19588180.
2, 5, 23, 97, 439
What are the prime factors of 262130?
2, 5, 11, 2383
List the prime factors of 3003920.
2, 5, 37549
List the prime factors of 798153.
3, 266051
What are the prime factors of 13748110?
2, 5, 397, 3463
What are the prime factors of 1490230?
2, 5, 7, 61, 349
What are the prime factors of 453717?
3, 11, 4583
List the prime factors of 503371.
11, 67, 683
What are the prime factors of 2544074?
2, 13, 97849
What are the prime factors of 141621?
3, 47207
List the prime factors of 192408.
2, 3, 8017
List the prime factors of 1563.
3, 521
What are the prime factors of 15000790?
2, 5, 7, 214297
What are the prime factors of 74896?
2, 31, 151
What are the prime factors of 44173?
163, 271
List the prime factors of 1467525.
3, 5, 17, 1151
List the prime factors of 28584536.
2, 83, 43049
List the prime factors of 2656619.
7, 191, 1987
What are the prime factors of 5967444?
2, 3, 7, 19, 3739
What are the prime factors of 6243996?
2, 3, 11, 47303
List the prime factors of 410064.
2, 3, 8543
What are the prime factors of 2727131?
11, 29, 83, 103
List the prime factors of 7762382.
2, 73, 79, 673
List the prime factors of 213834.
2, 3, 157, 227
What are the prime factors of 3913924?
2, 7, 19, 1051
List the prime factors of 9832204.
2, 2458051
List the prime factors of 69984.
2, 3
What are the prime factors of 4078417?
7, 83233
What are the prime factors of 256406?
2, 128203
What are the prime factors of 8411113?
67, 125539
List the prime factors of 1808422.
2, 7, 11, 11743
What are the prime factors of 232894?
2, 116447
List the prime factors of 3881758.
2, 31, 137, 457
What are the prime factors of 126929?
11, 1049
List the prime factors of 698118.
2, 3, 307, 379
What are the prime factors of 220503?
3, 31, 2371
What are the prime factors of 966382?
2, 17, 43, 661
List the prime factors of 561156.
2, 3, 101, 463
What are the prime factors of 1923829?
31, 229, 271
What are the prime factors of 7464185?
5, 353, 4229
What are the prime factors of 12672447?
3, 67, 941
List the prime factors of 1403371.
1403371
What are the prime factors of 7655812?
2, 547, 3499
List the prime factors of 3298280.
2, 5, 82457
List the prime factors of 191373.
3, 7, 13, 701
What are the prime factors of 690221?
7, 151, 653
What are the prime factors of 195556?
2, 48889
What are the prime factors of 1632374?
2, 17, 41, 1171
List the prime factors of 3725125.
5, 17, 1753
List the prime factors of 5917913.
5917913
What are the prime factors of 16092431?
101, 137, 1163
What are the prime factors of 13922?
2, 6961
List the prime factors of 15525853.
7, 1307, 1697
What are the prime factors of 8199825?
3, 5, 109331
List the prime factors of 161435.
5, 83, 389
List the prime factors of 2869266.
2, 3, 19, 25169
List the prime factors of 10479135.
3, 5, 67, 10427
List the prime factors of 172313.
172313
List the prime factors of 4330309.
19, 29, 271
List the prime factors of 344567.
344567
What are the prime factors of 3632146?
2, 7, 31, 8369
What are the prime factors of 100828?
2, 7, 13, 277
List the prime factors of 1651127.
127, 13001
List the prime factors of 1201578.
2, 3, 7, 61, 67
What are the prime factors of 21644418?
2, 3, 1801, 2003
List the prime factors of 2667425.
5, 23, 4639
List the prime fa